{"id":49,"date":"2018-04-16T08:24:18","date_gmt":"2018-04-16T08:24:18","guid":{"rendered":"https:\/\/leitholf.de\/?page_id=49"},"modified":"2025-01-13T09:45:10","modified_gmt":"2025-01-13T09:45:10","slug":"referenzen","status":"publish","type":"page","link":"https:\/\/www.leitholf.de\/?page_id=49","title":{"rendered":"Referenzen"},"content":{"rendered":"<p><strong>Neubau verschiedener individueller Fertigbauh\u00e4user (<em>Keitel-Haus, massa haus<\/em> u.a.)\u00a0<\/strong><\/p>\n<p><img decoding=\"async\" loading=\"lazy\" class=\"size-full wp-image-513 alignright\" src=\"https:\/\/www.leitholf.de\/wp-content\/uploads\/2025\/01\/keitel.jpg\" alt=\"\" width=\"187\" height=\"172\" \/> <img decoding=\"async\" loading=\"lazy\" class=\"size-medium wp-image-514 alignright\" src=\"https:\/\/www.leitholf.de\/wp-content\/uploads\/2025\/01\/massa.jpg\" alt=\"\" width=\"249\" height=\"35\" \/><\/p>\n<p><strong>Projekte Erneuerbare Energien<\/strong><\/p>\n<p><strong>Neubau verschiedener Einfamilienh\u00e4user<\/strong><br \/>\n\u2022 Einfamilienh\u00e4user von 100 bis 300 m\u00b2<br \/>\n\u2022 Luftw\u00e4rmepumpe<br \/>\n\u2022 Kontrollierte Be- und Entl\u00fcftung<br \/>\n\u2022 Fu\u00dfbodenheizung<br \/>\n\u2022 Sanit\u00e4rausstattung<\/p>\n<p><strong>Neubau Einfamilienhaus (350 m\u00b2)<\/strong><br \/>\n\u2022 Vaillant W\u00e4rmepumpe (22 KW) mit Tiefenbohrung<br \/>\n\u2022 Solaranlage mit In-Dach-Montage 12 m\u00b2 Flachkollektor 320 m\u00b2<br \/>\n\u2022 Fu\u00dfbodenheizung<br \/>\n\u2022 Ausbau eines Wellnessbereiches mit Komfortduschen, Sauna und Poolbereich<br \/>\n\u2022 Sanit\u00e4r 3 B\u00e4der mit hochwertiger Ausstattung<\/p>\n<p><strong>Neubau Mehrfamilienhaus<\/strong> (3 Wohneinheiten) in Blaubeuren<br \/>\n\u2022 Holzvergaserkessel Strebel (30 KW)<br \/>\n\u2022 Sanit\u00e4r 3 B\u00e4der<\/p>\n<p><strong>Neubau Pension und Cafe mit Wohneinheit<\/strong> in Schweigen (bei Karlsruhe)<br \/>\n\u2022 ALKO W\u00e4rmepumpe 24 KW mit 500 m\u00b2 Erdkollektor<br \/>\n\u2022 360 m\u00b2 Fu\u00dfbodenheizung<br \/>\n\u2022 Sanit\u00e4r 3 B\u00e4der, 2 G\u00e4ste WC f\u00fcr Gastronomiebetrieb<\/p>\n<p><strong>Erweiterung bestehender Heizungsanlage und Solaranlage<\/strong><br \/>\n\u2022 Holzkessel 16 KW (Abbrandkessel)<br \/>\n\u2022 Einbindung in die \u00d6l-Heizkesselanlage<br \/>\n\u2022 Fu\u00dfbodenheizung<\/p>\n<p><strong>Umbau Mehrfamilienausbau in Ulm<\/strong><br \/>\n\u2022 ETA Hackschnitzelanlage inkl. F\u00f6rderschnecke 33 KW<br \/>\n\u2022 Sanit\u00e4r 4 B\u00e4der<br \/>\n<span style=\"font-size: revert;\">11 m\u00b2 Flachkollektor<\/span><\/p>\n<p>Wir freuen uns, auch Ihr Projekt in die Tat umzusetzen.<\/p>\n","protected":false},"excerpt":{"rendered":"<p>Neubau verschiedener individueller Fertigbauh\u00e4user (Keitel-Haus, massa haus u.a.)\u00a0 Projekte Erneuerbare Energien Neubau verschiedener Einfamilienh\u00e4user \u2022 Einfamilienh\u00e4user von 100 bis 300 m\u00b2 \u2022 Luftw\u00e4rmepumpe \u2022 Kontrollierte Be- und Entl\u00fcftung \u2022 Fu\u00dfbodenheizung \u2022 Sanit\u00e4rausstattung Neubau Einfamilienhaus (350 m\u00b2) \u2022 Vaillant W\u00e4rmepumpe (22 KW) mit Tiefenbohrung \u2022 Solaranlage mit In-Dach-Montage 12 m\u00b2 Flachkollektor 320 m\u00b2 \u2022 Fu\u00dfbodenheizung \u2022 [&hellip;]<\/p>\n","protected":false},"author":1,"featured_media":0,"parent":0,"menu_order":0,"comment_status":"closed","ping_status":"closed","template":"","meta":[],"_links":{"self":[{"href":"https:\/\/www.leitholf.de\/index.php?rest_route=\/wp\/v2\/pages\/49"}],"collection":[{"href":"https:\/\/www.leitholf.de\/index.php?rest_route=\/wp\/v2\/pages"}],"about":[{"href":"https:\/\/www.leitholf.de\/index.php?rest_route=\/wp\/v2\/types\/page"}],"author":[{"embeddable":true,"href":"https:\/\/www.leitholf.de\/index.php?rest_route=\/wp\/v2\/users\/1"}],"replies":[{"embeddable":true,"href":"https:\/\/www.leitholf.de\/index.php?rest_route=%2Fwp%2Fv2%2Fcomments&post=49"}],"version-history":[{"count":9,"href":"https:\/\/www.leitholf.de\/index.php?rest_route=\/wp\/v2\/pages\/49\/revisions"}],"predecessor-version":[{"id":515,"href":"https:\/\/www.leitholf.de\/index.php?rest_route=\/wp\/v2\/pages\/49\/revisions\/515"}],"wp:attachment":[{"href":"https:\/\/www.leitholf.de\/index.php?rest_route=%2Fwp%2Fv2%2Fmedia&parent=49"}],"curies":[{"name":"wp","href":"https:\/\/api.w.org\/{rel}","templated":true}]}}